q - 2 + z - 5 + 2. Let a(t) = d(t) + s(t). What is a(-4)?
7
Let k(l) be the third derivative of l**4/12 + 2*l**3/3 + l**2. Let w(p) = p**3 - 2*p**2 - 5*p + 7. Let q be w(2). Give k(q).
-2
Let b(q) be the second derivative of -q**7/1260 - q**6/240 + q**5/30 - 19*q**4/12 - 9*q. Let z(c) be the third derivative of b(c). Give z(-3).
-5
Let g(v) = -v**2 + 9*v - 2. Suppose n + 5*a - 20 = 0, -29*n + 24*n + 40 = -5*a. Give g(n).
-12
Let c(b) = -12*b + 6. Let u(n) = -5*n + 4. Let m(r) = -2*c(r) + 5*u(r). Determine m(0).
8
Let r(k) = k**2 - 2*k - 3. Suppose y + 9 = -6. Let s be y/(-30) - (-2)/((-12)/(-33)). Calculate r(s).
21
Let m be 12/5*(-30)/(-4). Let x(g) = m - 2*g + g - 8 - 20. Determine x(-7).
-3
Let r = 39 + -18. Let v = 24 - r. Suppose 0*a = -3*a - v. Let j(n) = 14*n**2 + n. Give j(a).
13
Suppose -24*i + 10 = -22*i. Let w(z) = -z**2 - 8*z - 5. Let k be w(-5). Suppose -5*n - i = k. Let l(p) = p**3 + 5*p**2 + 4*p. Determine l(n).
6
Let y = 283 - 292. Let h(v) = -v**3 - 9*v**2 + 5*v + 8. Give h(y).
-37
Let j(u) = 142*u - 46*u - 34*u - 38*u - 30*u. Let h = 1 - 3. Let s = h - -1. Give j(s).
6
Let x(n) = -58*n - 73*n + 129*n. Give x(-4).
8
Let z(k) = 8*k - 223. Let h be z(28). Let s(n) = -2*n + 1. Let l(d) = -d + 1. Let r(g) = 5*l(g) - 6*s(g). What is r(h)?
6
Suppose 5*u = 2*s + 29, 4*u + 2*s = -3*s + 10. Suppose 3*q - 11 - 55 = 5*a, -u*q = -2*a - 34. Let z(w) = w**2 + 12*w + 7. Give z(a).
7
Let g(c) = c**3 - c**2 + 1. Let k(t) = t**3 - 6*t**2 + 5. Let p(x) = 4*g(x) - k(x). Suppose 7 + 42 = 7*j. Suppose 2*l - j*l = -5. What is p(l)?
4
Let h(r) = -15*r**2 - 4*r - 3. Let i be (-70)/7 - (-7 - 1). Give h(i).
-55
Suppose -2*s - 3*s = -55. Suppose 6*u - s*u = -5. Let y(i) = 4*i**2 + 3*i - 7*i**3 - 2*i - 5*i**2. Give y(u).
-7
Let u(l) = 1 + 3*l**2 - l - 2*l**2 - 2*l**2 - l. Suppose 0 = h - 5*h + 5*j - 5, -4*h - 4*j = 32. Calculate u(h).
-14
Let g(k) be the third derivative of -k**4/24 - 2*k**2. Let r(p) = 2*p - 1. Let z(a) = -2*g(a) - 3*r(a). Determine z(3).
-9
Let l(v) = 21*v. Let q(t) = t. Let h be 1/(-3) + (-53)/3. Let m be 4 - ((-2)/4)/(7/(-42)). Let n(g) = h*q(g) + m*l(g). Calculate n(2).
6
Let x(d) = -d**2 + 2*d - 3. Suppose -2*s = 14*a - 9*a - 8, -3*a + 1 = 5*s. Give x(a).
-3
Let t(p) = p + 7. Let l = 9 + 2. Let r(m) = -2 - 3*m - 12 + 2*m + 25. Let f be r(l). Determine t(f).
7
Let m(d) be the first derivative of -d**4/4 + d**3 + 7*d**2/2 - 8*d - 126. What is m(3)?
13
Let l(b) = 3*b**3 + 9*b**2 + 5*b - 13. Let p(f) = -f**3 - 5*f**2 - 2*f + 6. Let w(t) = 2*l(t) + 5*p(t). Give w(7).
4
Let u(d) = -3 + 0*d**2 + d**2 + d + d**2 - 3*d**2 + 5. Determine u(0).
2
Let c(z) = 0*z**2 + 17 - 31*z**2 + 18*z**2 - z**3 - 9*z. What is c(-12)?
-19
Suppose 0*p = 4*p + 4*l + 4, 3*p - 3*l = 15. Suppose 2*m - 3 = m. Let q(w) = 2 - 2*w + 3 - m + 5*w. Determine q(p).
8
Let p = -24 + 29. Suppose 40 = p*n - 2*b, 5*n + 4*b - 40 = 3*n. Let t(d) = -3*d**2 - 1 - 7*d - 3*d**2 - 5 + d**3 + n*d**2. What is t(-5)?
4
Let x(i) = -i**3 + 24*i - 2. Let k be x(-5). Let t(c) = -6*c**2 + c**2 + 7*c**2 - k*c**2. What is t(3)?
-9
Let o(g) = g**2 - 38248 + 38247 + g + 2*g**3 + 0*g. What is o(-1)?
-3
Let x(u) be the first derivative of u**4/4 + 7*u**3/3 - 2*u**2 + 7*u + 234. Give x(-7).
35
Let i(y) = y**3 - 5*y**2 + 3*y - 1. Let c be i(4). Let u(q) be the second derivative of 0 - q - 1/6*q**3 - q**2. Give u(c).
3
Let g(z) be the first derivative of -z**4/4 - 5*z**3/3 + z**2 + z + 737. Suppose 0 = 2*h - 4*h - 8. Calculate g(h).
-23
Let t(o) = 3*o + 9. Let j be t(-7). Let r = -2 - j. Let f(d) = 14*d**2 - r*d**2 - 3*d**2 + 7*d + 3. Give f(-5).
-7
Let a(f) = 2*f - 1. Let m(b) = b**2 - 8*b + 11. Suppose -2*w + 5*h = -32, -4*h = 5*w - 3 - 11. Let q be m(w). Calculate a(q).
-3
Let i = -45 - -51. Let h(u) be the third derivative of u**5/60 - u**4/4 + u**3 - u**2. Calculate h(i).
6
Let y(c) = c**2 - 15*c - 11. Suppose 26 = 2*a + 2*b, -107*a = -105*a + 5*b - 20. Determine y(a).
-11
Let j(f) = -18*f + 614. Let w be j(34). Let d(q) be the second derivative of -1/10*q**5 + 1/2*q**w + 2*q + 1/6*q**3 - 1/3*q**4 + 0. Determine d(-3).
16
Let x = -598 + 615. Let o(r) = -r**3 + 16*r**2 + 16*r + 21. Give o(x).
4
Let m = 0 + 5. Suppose -4*s + m*y = -8 - 3, y = -s + 5. Let g(o) = o + s + 3 + 3*o - 6*o. What is g(5)?
-3
Let q(j) be the first derivative of -j**2/2 - 6*j + 67. Let u be 216/(-30) + 1/5. Determine q(u).
1
Let o(w) = -9*w + 1. Let d(r) = -8*r + 1. Let p(h) = -4*d(h) + 5*o(h). Suppose 0 = -37*x - 3 + 40. What is p(x)?
-12
Let z(o) = 3*o - 79. Let l(x) = -3*x + 80. Let h(a) = 4*l(a) + 5*z(a). Let q be h(25). Let i(v) = v - 12. What is i(q)?
-12
Let t(b) = -b + 1. Let c(j) = -j**2 + 9*j - 7. Let o = 7 + -10. Let m be o/15 - (-28)/(-10). Let f(g) = m*t(g) - c(g). Give f(5).
-1
Let z(v) be the first derivative of -3/2*v**2 - 4/3*v**3 + 1/4*v**4 - 4*v - 18. Determine z(5).
6
Let i(j) = 14*j**2 + 4*j. Let v(m) = -5*m**2 - m. Let d(t) = 2*i(t) + 7*v(t). Let h = -50 + 72. Let z = h + -23. Calculate d(z).
-8
Suppose -7*p - 8*p = 1545. Let w = 98 + p. Let r(m) = m**3 + 5*m**2 - m + 3. Calculate r(w).
8
Suppose 48 = s + 15*s. Let m(q) be the second derivative of 0 - 10*q - 5/2*q**2 + 1/3*q**s. Calculate m(5).
5
Suppose 0 = -4*n + 4, -j + 82*n - 2 = 80*n. Let i(a) be the first derivative of -a**4/4 + a**3/3 - a**2/2 - 3*a + 1. What is i(j)?
-3
Let m(v) = -3247*v + v**3 + 9 - 3*v**2 - 5*v**2 + 3245*v. Give m(8).
-7
Suppose -5*d + 2*t - 291 = 0, 2*d = -0*d + 3*t - 112. Let u = d + 64. Let v(x) = x**2 - 8*x + 6. Calculate v(u).
-9
Let h(u) be the third derivative of u**6/30 - u**4/24 + 11*u**2. Let a(s) = -5*s**3 + s**2 + 2*s - 1. Let d(y) = -3*a(y) - 4*h(y). Give d(-3).
9
Suppose 3*o + 5*j - 6 = 0, -o + 5*j = o + 21. Let c(d) = d**2 + 3*d + 1. Let x be c(o). Let y(p) = 3 + 2*p**2 - 3*p**2 + x. Determine y(0).
4
Let p(j) = 3800*j**2 + 5 - 3801*j**2 + 2*j - 5*j. Calculate p(-5).
-5
Let o(t) = -t**2 - 20*t - 16. Let x be o(-16). Let h = -46 + x. Let d(b) = -4*b + 1. Determine d(h).
-7
Let w(v) = v**2 - 7*v - 1. Let f(d) = d - 19. Let l be f(24). What is w(l)?
-11
Let h(a) = -2*a - 4. Let i(w) = 2*w + 3. Let z(x) = -4*h(x) - 5*i(x). Let s(u) = -u**2 - u + 3. Let p be s(2). Give z(p).
7
Let s(p) = -22*p**2 - 19*p + 43. Let g(t) = -5*t**2 - 5*t + 10. Let q(r) = -9*g(r) + 2*s(r). Suppose -5*i - 7 = -4*c - 27, -2*c + 4*i = 10. Give q(c).
-14
Let w(z) = -5*z + 8. Suppose 37*a - 79 = 143. What is w(a)?
-22
Let y(h) = 159869*h - 4*h**2 - 9 - 3*h**2 + h**3 - 159868*h. Determine y(7).
-2
Let c(h) = -10*h - 5. Let f(s) be the first derivative of 10*s**2 + 9*s + 1. Let q(v) = 7*c(v) + 4*f(v). Calculate q(-1).
-9
Let d(c) = c + 9. Suppose m = 0, 4*n - 2*n + 8 = -2*m. Let t be d(n). Let x(r) = 6 - 4 + 1 + r**2 - t*r - 4. What is x(4)?
-5
Suppose -5*c - 1 = 34. Let m be 5/1 - 27/9. Let u(v) = -14 - 7 - 7*v**m - v**3 + 19. Give u(c).
-2
Let r(p) = p**2 + 7*p - 3. Let u(l) = -5*l - 21. Let o be u(-3). Give r(o).
-9
Let f(n) be the first derivative of 1/2*n**2 + 4 - 12*n. Give f(0).
-12
Let o(a) = -a + 2. Let h be o(-3). Let i(c) be the second derivative of -c**4/12 + 5*c**3/6 - 2*c**2 + 178*c. What is i(h)?
-4
Suppose 54*h = 56*h - 5*w - 12, 3*h = 5*w + 23. Let j(z) = z**2 - 11*z + 5. Calculate j(h).
5
Let q(r) = r - 11. Let j(f) = f - 11. Let o(v) = -3*j(v) + 2*q(v). Determine o(0).
11
Let a(p) = -14*p**2 - 18*p + 2. Let h(y) = 6*y**2 + 10*y - 1. Let v(b) = -4*a(b) - 7*h(b). Determine v(1).
15
Let k(f) = f + 14 + 3*f + 9*f - 2*f - 12*f. Determine k(10).
4
Let a be (-8)/12 + 46/6. Let h(m) = -3*m + 5*m - 8 + a - 3*m. Give h(-3).
2
Suppose 3 = 4*z - 5. Let w(p) = 5*p**z + p**3 + 13*p - 4*p - 6*p. Let k = -20 - -16. Determine w(k).
4
Let r(v) = -v + 4. Let g(l) = l**3 - 12*l**2 + 5. Let j be g(12). Let o = -4 - j. Let n be (-162)/30 - o/(-15). Calculate r(n).
10
Let y(c) = 5*c. Let j be y(1). Let t(h) be the second derivative of -2*h**3/3 + 2*h**2 - 748*h - 2. Calculate t(j).
-16
Let j(l) = l**2 + 1. Let y(b) = 2*b**2 + 22*b + 2. Let i be y(-11). Suppose -i = -8*w + 7*w. Give j(w).
5
Let k(j) = -121 + 0*j + 0*j + j + 106 + 2*j. What is k(6)?
3
Let l(b) = 4*b**2 - b - 6. Let a(u) = 3*u**2 - 2*u - 6. Let h(c) = 5*a(c) - 4*l(c). Suppose -4*y - 35 + 19 = 0. Give h(y).
2
Let z be 4/(3 + 5)*-8. Let q(l) = l**3 + l**2 - l. Let n be q(0). Let b(